 - 4*v = -174. Let g be 2*(0 + -4)/(-4). Suppose 3*k - 2*k - v = -4*f, -g*k + 40 = f. What are the prime factors of f?
2, 11
What are the prime factors of (-4)/34 - (-39472)/272?
5, 29
Suppose -d + 2*d + 4*n - 778 = 0, 2 = -2*n. What are the prime factors of d?
2, 17, 23
Let y = 6 - 2. Suppose -2*v + 0*b = 2*b - 22, 0 = -2*v - 3*b + 26. Suppose -v*r + 5*z = -3*r - 145, 0 = r - y*z - 39. List the prime factors of r.
5, 7
Let y(t) = t**3 - 2*t**2 + t + 1. Let d be y(2). Let v = 128 + -60. Suppose -d*b + v = b. What are the prime factors of b?
17
Suppose 4*d = 3379 + 5937. List the prime factors of d.
17, 137
Let o(g) = g**2 - 3*g + 15. Let b be o(6). Let w = b - -11. List the prime factors of w.
2, 11
Let b(r) = -r**3 + 5*r**2 + 2*r - 2. Let o be b(5). Let x be 9/(-6*(-2)/o). Let n(h) = h + 16. What are the prime factors of n(x)?
2, 11
Suppose 2*y = 4*c + 5794, -3*y + 5*c = 6*c - 8698. List the prime factors of y.
13, 223
Suppose 2*d - 34 + 14 = y, d - 2*y - 10 = 0. What are the prime factors of d?
2, 5
Suppose -2*j - 1170 = 2*a - 4*a, -5*j = -a + 565. Suppose -7*v + 11*v - 2*p - a = 0, 2*v - 5*p - 291 = 0. What are the prime factors of v?
2, 37
Suppose 0 = 3*f - 4*h - 1964 - 3575, -f + 1853 = 2*h. What are the prime factors of f?
43
Let c(m) be the second derivative of m**4/12 - m**3/6 + m**2/2 + m. Let w be c(0). Suppose 18 = 5*l - n, 0 = 2*l + 5*n + 8 + w. List the prime factors of l.
3
Suppose -1 = n - 0*x + x, n + 3*x + 7 = 0. Suppose -4 = -a - t, -5*a + n*t + 39 + 9 = 0. What are the prime factors of 26 + (-7)/((-28)/a)?
2, 7
Let o be (-386)/(-4) + 8/16. Suppose -o = u - 2*u - 5*i, 0 = -2*u - 4*i + 188. Let a = u + -52. What are the prime factors of a?
2, 5
Let m(j) = -j**2 + 2*j - 3. Suppose -17 + 1 = -2*n. Let q be m(n). Let p = -31 - q. List the prime factors of p.
2, 5
Let j = 2498 - 97. List the prime factors of j.
7
List the prime factors of ((-2)/4)/(13/(-130546)).
5021
Suppose -39 + 279 = 4*f. Let j = f + 6. What are the prime factors of j?
2, 3, 11
Suppose -16*x = 4*x - 7220. What are the prime factors of x?
19
Let c = 24 - 26. What are the prime factors of (-48 + -1)*(-3 - c)?
7
Let f(w) = 78*w. Let z be f(1). Suppose -z = 3*b - 4*b. Suppose -5*u = -127 - b. List the prime factors of u.
41
Let z be (-104)/18 + (28/18)/(-7). List the prime factors of 23/(-6)*-32 - 2/z.
3, 41
Let k(s) = 2*s**2 + 18*s - 5. Let w(o) = 9*o - 38. Let c be w(5). List the prime factors of k(c).
3, 73
Suppose 0*f + 6 = 2*f. Suppose 0*h + 16 = -h + f*n, -n = -2*h - 7. What are the prime factors of 14 + (-1 + h)/1?
2, 3
Let j(s) = s**3 - 7*s**2 - 6*s - 12. Let f be j(8). Let z(v) = -2 + v**2 + 2. What are the prime factors of z(f)?
2
Let u(o) = 4 - 3*o**2 + 2*o**2 + 11*o - 5*o. Let z be u(6). Suppose z*t + 32 = 5*t. What are the prime factors of t?
2
Let m = 10 + -31. List the prime factors of (-4)/6 - 1400/m.
2, 3, 11
Let q(v) = 8*v**2 + 4*v + 6. Let m be ((-56)/(-98))/((-2)/(-7))*-1. List the prime factors of q(m).
2, 3, 5
Let r(i) = -3 + 6 + 9*i - 8*i**2 + 2 + 16*i**2. List the prime factors of r(-3).
2, 5
Let z(n) = 1521*n**2 + 5*n + 5. What are the prime factors of z(-1)?
3, 13
Let r(n) = -n**2 - 3*n - 1. Let x = -14 - -7. Let m be r(x). Let b = 40 + m. List the prime factors of b.
11
List the prime factors of 767/(-52)*(-396)/(4 - 1).
3, 11, 59
Let d(m) = 109*m**2 + 1. Let r be d(1). List the prime factors of r/(-3)*(-18)/12.
5, 11
Let y = 8 + -13. Let u(m) = 7*m + 3. Let f(d) = 15*d + 6. Let b(r) = 6*f(r) - 13*u(r). List the prime factors of b(y).
2
Let t be (-2)/(-9) - 17270/198. Let j = t + 212. What are the prime factors of j?
5
Let p(d) = 101*d**2 + 36*d + 6. What are the prime factors of p(-5)?
2351
Suppose 0*x - 90 = 5*x. Let r = 11 + x. What are the prime factors of r/(-35) + 64/5?
13
Let p be (-2)/4 - 681/(-6). Suppose -4*a = 3*n - 339, n - 4*a + 5*a = p. What are the prime factors of n?
113
Suppose 0 = 2*m - 192 - 450. What are the prime factors of m?
3, 107
Suppose 17*r = 17551 + 11604. What are the prime factors of r?
5, 7
Let x(m) = m**3 + 6*m**2 + 4*m - 5. Let t be x(-5). Let s(c) = -c**3 + c**2 + c + 80. Let b be s(t). Let z = b - 57. List the prime factors of z.
23
Let q(l) be the second derivative of -l**4/12 + 3*l**3/2 + 12*l**2 - 4*l. List the prime factors of q(9).
2, 3
Let t(y) = -2*y + 29. Let d be t(0). Suppose -32*r + d*r - 3 = 0. List the prime factors of r - (-59 + 4 + 2).
2, 13
What are the prime factors of 268/2010 - (1 + 22423/(-15))?
2, 3, 83
Let w(h) = 16*h**2 - 6*h + 57. What are the prime factors of w(-7)?
883
Let r(i) = i**2 + 4*i + 4. Let y be r(-2). Let q be 5*(-2)/(-6)*3. Suppose f - q - 4 = y. List the prime factors of f.
3
Suppose 5*w + 28 + 2 = 0. Let z be (-12)/w + (1 - -6). List the prime factors of 1*z*(-2)/(-2).
3
Suppose 2*n - 25 = 4*n - 5*b, 3*b = 4*n + 43. Let m = -5 - n. Suppose -2*l - 90 = -m*l. List the prime factors of l.
2, 3, 5
List the prime factors of 4 - 43*(-175)/7.
13, 83
Let b(s) = s**3 - 13*s**2 - 16*s + 8. Let y be b(14). Let c = y - -114. What are the prime factors of c?
2, 47
Let q = -30 - -64. Let v = q - -11. List the prime factors of v.
3, 5
Suppose 0 = 4*n + 3*z - 10, n = 2*z - 3*z + 3. Suppose -3*h + n = 7. List the prime factors of 15 - h/((-2)/(-3)).
2, 3
Let j be (-17 + 14)*(20/(-3) + -1). Suppose 130 = 5*p + 5*g, -4*g - 20 = -3*p + j. List the prime factors of p.
3, 7
Let d = 38 - 20. Let h = d - -51. Suppose -4*r = -7*r + h. What are the prime factors of r?
23
Let w be (3/(-2))/(9/(-48)). Let t(c) = c**3 - 4*c**2 - 4*c - 16. Let r be t(4). Let d = w - r. List the prime factors of d.
2, 5
Suppose -4*y + 3558 = 746. What are the prime factors of y?
19, 37
Suppose -5 = 2*n + 5, -n - 11 = -d. Suppose 514 - 1234 = -d*j. What are the prime factors of j?
2, 3, 5
Suppose -36*i + 9*i + 98307 = 0. What are the prime factors of i?
11, 331
Suppose -s - 2*s - 18 = 0. Let a(x) = 4*x + 14. Let v be a(s). List the prime factors of 108/v*30/(-12).
3
Let z(w) = -w**3 + 5*w**2 + 4*w - 12. Let k be z(4). What are the prime factors of -3 - k/(-6) - 348/(-9)?
3, 13
Let k(d) = 2*d - 21. Let m be k(11). List the prime factors of 21 - (m - -3)/2.
19
Let p = 838 + -163. What are the prime factors of p?
3, 5
Let y = 120 + 462. Suppose -482 - y = -8*o. What are the prime factors of o?
7, 19
Let g(c) = 8 + 0*c + 0*c + c - 6*c. Let n be g(-6). Let x = n + -3. List the prime factors of x.
5, 7
Suppose x = -x + 30. Let f(a) = a**2 + 12*a + 10. Let q be f(-11). Let d = q + x. What are the prime factors of d?
2, 7
List the prime factors of (1/4)/(22/352) - -1354.
2, 7, 97
Let z(v) = 3*v**2 + 46*v - 5. Let b(h) = -h**2 - 23*h + 3. Let w(g) = -5*b(g) - 2*z(g). What are the prime factors of w(16)?
107
Suppose 26118 = 9*i + 3123. List the prime factors of i.
5, 7, 73
Suppose -85*r - 30 = -79*r. List the prime factors of 2/r + 1944/10.
2, 97
Suppose -8*n - 1011 = -3235. List the prime factors of n.
2, 139
Let n(o) = o**2 - 24*o + 45. Let b be n(19). Let f = 60 + b. What are the prime factors of f?
2, 5
What are the prime factors of (130 + -97)/(2*6/1844)?
11, 461
Let o(z) = 322*z - 73. What are the prime factors of o(15)?
67, 71
Suppose 2*p + 63 = 209. Let u = p + -23. Let z = 73 - u. List the prime factors of z.
23
Let p(r) = 5 - 9 - 4*r - 5. Let i be p(-3). Suppose -5*y + 2*z + i*z = -180, 0 = 5*z. What are the prime factors of y?
2, 3
Let d(m) = 3*m**2 + 23*m - 13. Let p(s) = -s**2 - s + 1. Let l(w) = -d(w) - 2*p(w). What are the prime factors of l(-21)?
11
List the prime factors of ((23892/(-5))/(-6))/((-20)/(-50)).
11, 181
Let a(y) be the third derivative of 0*y + 0 + 17/24*y**4 - 1/3*y**3 + 6*y**2. List the prime factors of a(2).
2
Let m = -361 - -841. List the prime factors of m.
2, 3, 5
Let i = 2035 + -1379. List the prime factors of i.
2, 41
Let c(i) = i**3 - 11*i**2 + 11*i + 4. Let f be c(10). List the prime factors of (-2 + f/(-3))*9/(-6).
2, 5
Let a(n) = n**3 + 49*n**2 + 4*n + 28. List the prime factors of a(-48).
2, 5, 107
Let a(h) be the second derivative of -109*h**5/20 + h**4/12 - h**3/2 - 2*h**2 + 8*h. List the prime factors of a(-1).
109
Suppose 25*s - 7*s - 2214 = 0. What are the prime factors of s?
3, 41
Let m(j) = j**2 + 7*j - 1. Let l be m(-7). Let a(p) = -15*p - 8. What are the prime factor